{"id":82,"date":"2015-07-02T18:55:53","date_gmt":"2015-07-02T18:55:53","guid":{"rendered":"http:\/\/hd8associados.web2163.uni5.net\/site\/?page_id=82"},"modified":"2024-02-02T17:30:10","modified_gmt":"2024-02-02T17:30:10","slug":"consultoria-em-gestao-empresarial","status":"publish","type":"page","link":"https:\/\/hd8associados.com.br\/site\/servicos\/consultoria-em-gestao-empresarial\/","title":{"rendered":"Consultoria em Gest\u00e3o Empresarial"},"content":{"rendered":"<div class=\"wpb-content-wrapper\"><p>[vc_row margin_top=&#8221;-20&#8243; margin_bottom=&#8221;0&#8243; padding_left=&#8221;0&#8243; padding_right=&#8221;0&#8243; bg_position=&#8221;top&#8221; bg_repeat=&#8221;no-repeat&#8221; bg_cover=&#8221;false&#8221; bg_attachment=&#8221;false&#8221; padding_top=&#8221;0&#8243; padding_bottom=&#8221;0&#8243; parallax_speed=&#8221;0.1&#8243;][vc_column]<div id=\"cz_43542\" class=\"cz_43542 cz_image clr cz_image_no_fx center_on_mobile\"><div class=\"\" ><div class=\"cz_image_in\"><div class=\"cz_main_image\"><img decoding=\"async\" width=\"1080\" height=\"438\" src=\"https:\/\/hd8associados.com.br\/site\/wp-content\/uploads\/2024\/01\/servico-01.jpg\" class=\"attachment-full\" alt=\"\" title=\"Consultoria em Gest\u00e3o Empresarial\" srcset=\"https:\/\/hd8associados.com.br\/site\/wp-content\/uploads\/2024\/01\/servico-01.jpg 1080w, https:\/\/hd8associados.com.br\/site\/wp-content\/uploads\/2024\/01\/servico-01-300x122.jpg 300w, https:\/\/hd8associados.com.br\/site\/wp-content\/uploads\/2024\/01\/servico-01-1024x415.jpg 1024w, https:\/\/hd8associados.com.br\/site\/wp-content\/uploads\/2024\/01\/servico-01-768x311.jpg 768w, https:\/\/hd8associados.com.br\/site\/wp-content\/uploads\/2024\/01\/servico-01-600x243.jpg 600w\" sizes=\"(max-width: 1080px) 100vw, 1080px\" \/><\/div><\/div><\/div><\/div><div class=\"cz_gap clr \" style=\"height: 50px\"><\/div>[\/vc_column][\/vc_row][vc_row][vc_column]<div id=\"cz_38573\" class=\"cz_38573 cz_title clr cz_title_pos_inline\"><div class=\"cz_title_content\"><div class=\"cz_wpe_content\"><p>A consultoria \u00e9 um processo interativo, onde coexiste a atua\u00e7\u00e3o de um agente de mudan\u00e7a (consultor) junto aos demais executivos e funcion\u00e1rios de uma organiza\u00e7\u00e3o com a finalidade de atender as necessidades de sobreviv\u00eancia e expans\u00e3o do neg\u00f3cio. Um adequado diagn\u00f3stico e a avalia\u00e7\u00e3o dos processos operacionais e de gest\u00e3o, permite identificar os pontos cr\u00edticos e indicar as a\u00e7\u00f5es de melhorias necess\u00e1rias, com conseq\u00fc\u00eancias diretas nos resultados financeiros, qualquer que seja o porte e o ramo de atua\u00e7\u00e3o da empresa. Num cen\u00e1rio de grande competitividade, a consultoria empresarial torna-se a solu\u00e7\u00e3o de curto prazo e de melhor custo-benef\u00edcio.<\/p>\n<p>&nbsp;<\/p>\n<p>Toda a experi\u00eancia e o conhecimento do consultor e injetado na empresa, de forma objetiva e eficaz. A metodologia usada se refere \u00e0 implementa\u00e7\u00e3o de Sistemas de Gest\u00e3o Estrat\u00e9gica visando \u00e0 efetiva transfer\u00eancia de tecnologia, de tal maneira que a estrat\u00e9gia seja realmente implementada com o m\u00e1ximo de efici\u00eancia, efic\u00e1cia e velocidade, com o objetivo de alcan\u00e7ar resultados sem criar algum tipo de depend\u00eancia do consultor.<\/p>\n<\/div><\/div><\/div>[\/vc_column][\/vc_row]<\/p>\n<\/div>","protected":false},"excerpt":{"rendered":"<p>[vc_row margin_top=&#8221;-20&#8243; margin_bottom=&#8221;0&#8243; padding_left=&#8221;0&#8243; padding_right=&#8221;0&#8243; bg_position=&#8221;top&#8221; bg_repeat=&#8221;no-repeat&#8221; bg_cover=&#8221;false&#8221; bg_attachment=&#8221;false&#8221; padding_top=&#8221;0&#8243; padding_bottom=&#8221;0&#8243; &#8230; <\/p>\n","protected":false},"author":1,"featured_media":0,"parent":147,"menu_order":0,"comment_status":"closed","ping_status":"closed","template":"","meta":{"footnotes":""},"_links":{"self":[{"href":"https:\/\/hd8associados.com.br\/site\/wp-json\/wp\/v2\/pages\/82"}],"collection":[{"href":"https:\/\/hd8associados.com.br\/site\/wp-json\/wp\/v2\/pages"}],"about":[{"href":"https:\/\/hd8associados.com.br\/site\/wp-json\/wp\/v2\/types\/page"}],"author":[{"embeddable":true,"href":"https:\/\/hd8associados.com.br\/site\/wp-json\/wp\/v2\/users\/1"}],"replies":[{"embeddable":true,"href":"https:\/\/hd8associados.com.br\/site\/wp-json\/wp\/v2\/comments?post=82"}],"version-history":[{"count":1,"href":"https:\/\/hd8associados.com.br\/site\/wp-json\/wp\/v2\/pages\/82\/revisions"}],"predecessor-version":[{"id":2012,"href":"https:\/\/hd8associados.com.br\/site\/wp-json\/wp\/v2\/pages\/82\/revisions\/2012"}],"up":[{"embeddable":true,"href":"https:\/\/hd8associados.com.br\/site\/wp-json\/wp\/v2\/pages\/147"}],"wp:attachment":[{"href":"https:\/\/hd8associados.com.br\/site\/wp-json\/wp\/v2\/media?parent=82"}],"curies":[{"name":"wp","href":"https:\/\/api.w.org\/{rel}","templated":true}]}}